 + 2*o. List the prime factors of j.
5, 7, 17
Suppose 1761*z - 28952 = 1756*z + 22613. What are the prime factors of z?
10313
Let g = -20 + 24. Suppose o - g = 0, -3*j + 23 = 5*o + 3. Suppose 0 = -2*w, -19 = -v - j*w + 5*w. What are the prime factors of v?
19
What are the prime factors of 24*(9176/30 - (-10 - (-506)/55))?
2, 5, 23
Let j = -12996 - -25842. List the prime factors of j.
2, 3, 2141
Let r(c) be the second derivative of 3*c**5/10 - c**4/4 - c**3/2 + c**2/2 + 16*c. Let w be r(-2). Let o = w + 129. List the prime factors of o.
2, 19
List the prime factors of (3 - 644190/40)/(7 + 217/(-28)).
7, 3067
Let b(o) = -10*o**3 - 4*o**2 + 4*o + 38. Let f(h) = -14*h - 5. Let q be f(0). List the prime factors of b(q).
2, 73
Let l = 33626 + -15892. List the prime factors of l.
2, 8867
Let i(b) = 32 - b**3 - 17*b + 12*b**2 - 15*b**2 + 22*b**2. What are the prime factors of i(17)?
3, 107
Let v = 331 - 73. Let j = v + -167. Suppose 0 = 6*p + p - j. What are the prime factors of p?
13
Let x(v) = 8*v**2 - 2*v + 1. Let u be -2*((-18)/(-8) + -2)*10. List the prime factors of x(u).
211
Suppose 0 = 3*u + u - 2*h + 1298, 2*h - 972 = 3*u. Let s = u + 585. What are the prime factors of s?
7, 37
Let i(s) = -16*s - 90. Let q be i(11). Let k = 801 + q. What are the prime factors of k?
5, 107
Let k be (-9)/((-45)/12250) - -1. Suppose g - 10 = -5, -3*g = 3*u - k. What are the prime factors of u?
2, 7, 29
Suppose -8*k = -5*k + 5*j - 5512, -2*j = 3*k - 5506. Suppose -166 = 6*w - k. List the prime factors of w.
2, 139
Let o(t) be the third derivative of 0*t - 1/60*t**5 + 25/24*t**4 - 8*t**2 + 0 - 19/6*t**3. List the prime factors of o(16).
5
Suppose 1567 = -219*m + 9914 + 40052. What are the prime factors of m?
13, 17
Let u(z) = 3*z**2 + 7*z - 1. Let x be u(-3). Suppose -177 = -4*h + h. Suppose -m = 3*g - 2*g - 47, g + x*m - h = 0. What are the prime factors of g?
2, 11
Suppose -5*o + 14802 = 2667. Suppose -12 = 4*v, 0 = 5*h - 5*v + 52 - o. What are the prime factors of h?
2, 59
Let t = -4763 - -6907. Let n = -1281 + t. List the prime factors of n.
863
Let k(t) = 46*t**2 + 44*t + 328. What are the prime factors of k(-16)?
2, 3, 5, 19
Suppose -18*r - 4 = -19*r. List the prime factors of (-709956)/(-522) - r/58.
2, 5, 17
Let x = -7662 - -26180. List the prime factors of x.
2, 47, 197
Let a = 503 - -878. What are the prime factors of a?
1381
Suppose 72 - 84 = -6*p. Let v(a) = 137*a - 68. List the prime factors of v(p).
2, 103
Let b = 162 + 256. Let w = -283 + b. List the prime factors of w.
3, 5
Let s(h) = h**3 + 9*h**2 + 6*h - 5. Let v be s(-8). Suppose -5*j + v = -3*l - 3, 0 = -2*l - 5*j - 26. Let i = l - -66. List the prime factors of i.
2, 29
Suppose 3*i = 3*z - 6133 + 40414, 0 = 5*i - 4*z - 57139. What are the prime factors of i?
7, 23, 71
Let k = 95 - -14. Let c = k + -54. Suppose -5*y = -50 - c. What are the prime factors of y?
3, 7
Suppose 10*r - 9310 = 27150. What are the prime factors of r?
2, 1823
Suppose 98*a = 93*a + 245. Let o = 51 - a. Suppose 0 = u + u + q - 137, 0 = -u - o*q + 70. What are the prime factors of u?
2, 17
Let h(x) be the third derivative of x**5/60 - 5*x**4/12 - 7*x**3/6 - 2*x**2. Let j be h(13). Suppose -j - 73 = -5*v. List the prime factors of v.
3, 7
Suppose 2*d = -j - 8, j + 11 = -0*d - 3*d. What are the prime factors of (-45)/(-18)*(j - -8*13)?
3, 5, 17
Let x(c) = c**3 - 23*c**2 + 43*c + 28. Let f(z) = 20*z + 1. Let i be (-4)/(-6) - (-7)/21. Let w be f(i). List the prime factors of x(w).
7
Let h be (-72)/21 - (-20)/(-35) - 1254. Let d = h + 2247. List the prime factors of d.
23, 43
Let c = 154 - 167. Let o = 110 - c. What are the prime factors of o?
3, 41
Suppose 0 = r - y - 267, -3*r + 0*y = 2*y - 801. Suppose 6*b - r = 471. What are the prime factors of b?
3, 41
Let z be 86*(-118)/(-18) + 24/108. Suppose o + z = 3*o. List the prime factors of o.
2, 3, 47
Let g(h) = 999*h - 3960. Let q(d) = 25*d - 99. Let m(y) = -2*g(y) + 81*q(y). What are the prime factors of m(7)?
2, 3, 5
Let w = -8081 - -22194. What are the prime factors of w?
11, 1283
Suppose 6*l - 517 = -5*l. Suppose -l*s + 2640 = -42*s. What are the prime factors of s?
2, 3, 11
Let x(p) = p**2 - 7*p - 13. Let a be x(11). Let t = a - 28. Suppose -5*v = r - 271, 165 = t*v - 3*r - 12. What are the prime factors of v?
5, 11
Suppose 2 = 10*h - 18. What are the prime factors of (-1083)/(-30) + h/(-20)?
2, 3
Let w(f) = f + 1. Let a(q) = -70*q - 98. Let d(k) = a(k) + 5*w(k). What are the prime factors of d(-6)?
3, 11
Let x(z) = 7*z + 17 - 1 + 21*z**2 - 5 + 4*z**2. List the prime factors of x(-4).
383
Let p = -21854 + 39813. What are the prime factors of p?
17959
What are the prime factors of ((-1 - 18)*912/14)/(2374/(-124635))?
2, 3, 5, 19
Let w(s) = -5153*s - 538. List the prime factors of w(-2).
2, 3, 11, 37
Suppose -10*r - 21942 = 8*r. Let l = 2093 + r. What are the prime factors of l?
2, 19, 23
Let w(x) be the second derivative of -24*x + 0 + 5/2*x**3 - x**2. What are the prime factors of w(1)?
13
Let i = -17 + 35. Let m(q) = 3*q - 34. Let h be m(i). Suppose -6*r + h = -718. What are the prime factors of r?
3, 41
What are the prime factors of (645/45*2)/((-4)/(-126))?
3, 7, 43
Let g = -8 + 10. Suppose -3*s = 2*s - g*r - 13, 0 = 3*s - 2*r - 7. Suppose -2*x + 33 = 3*x + s*y, 0 = 3*y - 3. List the prime factors of x.
2, 3
Let f = 259 + -942. Let h = -393 - f. Suppose 5*k - 950 - h = 0. List the prime factors of k.
2, 31
Suppose 0 = 6*r - 2*r - 5*t - 6, 0 = -r - 2*t + 8. Let f = 38 - 38. Suppose f = -n - r, -4*l + l = -5*n - 569. List the prime factors of l.
3, 61
Let c = -124 + 112. What are the prime factors of ((-90)/c)/((-12)/(-1072))?
2, 5, 67
Let w = 27023 - 18938. What are the prime factors of w?
3, 5, 7, 11
Let m(u) = 2*u - 2. Let r = 16 - 15. Let t be m(r). Suppose a - 96 - 45 = t. List the prime factors of a.
3, 47
Suppose 457*u - 1686574 = 398*u. What are the prime factors of u?
2, 14293
Let u = -2486 + 6446. What are the prime factors of u?
2, 3, 5, 11
Let t = -531 + -195. Let m = -61 - t. List the prime factors of m.
5, 7, 19
Let o(t) = 38*t. Let x be (-3 + (-15)/(-10) - 3)*-2. What are the prime factors of o(x)?
2, 3, 19
Let c(m) = -74*m - 63. Let d = 36 + -41. What are the prime factors of c(d)?
307
Let h(p) = 2*p**2 - 4*p - 23. Let x(g) = 14*g + 105. Let n be x(-7). What are the prime factors of h(n)?
47
Let l(g) be the third derivative of -2*g**5/15 - 59*g**4/6 - 19*g**3/6 + 99*g**2. What are the prime factors of l(-28)?
317
Suppose 3*f = 9, k - 5*f = 30 + 13. Let r = 2082 - k. Suppose r = 15*g - 4*g. List the prime factors of g.
2, 23
Suppose 13*h = 4*h + 18. Suppose h*b = 4*g - 818, -492 = -4*g - 2*b + 346. List the prime factors of g.
3, 23
Suppose 0 = -2*b - 2*v - 10, 11*b = 9*b - v - 11. Suppose -k + 254 + 62 = 5*d, 4*d = 5*k + 247. Let r = d - b. List the prime factors of r.
3, 23
Suppose 347*h - 352*h = 2*p - 12172, -h + 2*p = -2432. What are the prime factors of h?
2, 1217
Let k = -1304 - -9747. List the prime factors of k.
8443
Suppose -36 = 18*l - 19*l. Suppose b = -5*b + l. What are the prime factors of (b*-10)/(-1) + 0?
2, 3, 5
Suppose 7*u - 138 = 4*u. Suppose -6*l + u = -8. Let q(s) = 3*s**2 - 20*s - 5. List the prime factors of q(l).
2, 29
What are the prime factors of ((-236)/8 + 2)/((-28)/7392)?
2, 3, 5, 11
List the prime factors of 159/(-2)*-124*264/99.
2, 31, 53
Suppose 7372 = 3*a - 4*o + 571, 4*a - o = 9042. List the prime factors of a.
3, 251
Suppose 139*s - 32 = 135*s. Suppose -4*w = -s*w + 520. What are the prime factors of w?
2, 5, 13
Suppose 2*v + v = 12*v + 25*v. Let o be (-1 - -3) + 1 + 46. Suppose -h + 207 + o = v. What are the prime factors of h?
2
Let m = 4 - -1. Suppose -3*z + f = -6*z + 1323, 1323 = 3*z - m*f. List the prime factors of z.
3, 7
Let l(a) = -10502*a - 34. What are the prime factors of l(-1)?
2, 2617
Let m(b) = -2*b - 6. Suppose -4*r = -38 + 26. Let x be m(r). Let f(h) = -11*h - 2. What are the prime factors of f(x)?
2, 5, 13
Let b(x) = x**3 + 3*x**2 - 4*x - 12. Suppose 35 = -5*s + 12*s. Let u be b(s). Suppose -7*n + 5*n + u = 0. List the prime factors of n.
2, 3, 7
What are the prime factors of 41684/16 + -10 - (-3)/4?
2, 11, 59
Suppose g = -2*u - 33, 5*g = -u - 144 - 21. Let m = g + 37. Let b(r) = 7*r**2 + 2*r + 4. Lis